{"id":10,"date":"2016-09-06T14:17:08","date_gmt":"2016-09-06T12:17:08","guid":{"rendered":"http:\/\/heidelein.fr\/?page_id=10"},"modified":"2023-06-13T09:27:16","modified_gmt":"2023-06-13T07:27:16","slug":"extraits","status":"publish","type":"page","link":"https:\/\/www.heidelein.fr\/index.php\/extraits\/","title":{"rendered":"Extraits"},"content":{"rendered":"<h2>Extraits d\u2019\u0153uvres<\/h2>\n<p><iframe loading=\"lazy\" title=\"H\u00e9delin\" width=\"584\" height=\"450\" scrolling=\"no\" frameborder=\"no\" src=\"https:\/\/w.soundcloud.com\/player\/?visual=true&#038;url=https%3A%2F%2Fapi.soundcloud.com%2Fusers%2F281952270&#038;show_artwork=true&#038;maxheight=876&#038;maxwidth=584\"><\/iframe><\/p>\n<p><a href=\"https:\/\/youtu.be\/lCkWSWFxk7w\">Golem (2017)<\/a> 45min, Calligraphe, Soprano et \u00e9lectronique, MANCA 2017, MAMAC de Nice 8 d\u00e9c. 2017<\/p>\n<p><a href=\"https:\/\/www.youtube.com\/watch?v=jCzazL9-cuI\">Jonas (2015)<\/a> 45min, Quatuor \u00e0 cordes Cr\u00e9ation en l&rsquo;Auditorium Rainier III, Monaco le 4 f\u00e9v. 2015<\/p>\n<p><a href=\"https:\/\/www.youtube.com\/watch?v=iDfDs1IPMa0\">Gloire des bienheureux (2011, 2013))<\/a> 1h, Orgues, Chant, Clarinette, cr\u00e9ation \u00e0 Nice le 5 nov. 2011<\/p>\n<p><a href=\"https:\/\/www.youtube.com\/watch?v=D3h4gb-d6tk\">Livre d&rsquo;orgues (2001-2007)<\/a> 20 min, 6 pi\u00e8ces pour orgues<\/p>\n<p><a href=\"http:\/\/www.heidelein.fr\/mp3\/Adio%20Kerida.mp3\">Cantate S\u00e9farade (2002)<\/a> 1h, pour mezzo-soprano et quatuor \u00e0 cordes Cr\u00e9ation \u00e0 Nice en 2003<\/p>\n<p><a href=\"http:\/\/www.heidelein.fr\/mp3\/XXIII%2044-49.mp3\">Passion selon Saint Luc (2004)<\/a> 1h30, pour 4voix, quatuor \u00e0 codres et clavecin Cr\u00e9ation en l&rsquo;\u00e9glise Saint-Nicolas \u00e0 Monaco en 2007<\/p>\n<p><a href=\"https:\/\/www.youtube.com\/user\/kashibayashi\">Plus d&rsquo;extraits<\/a><\/p>\n","protected":false},"excerpt":{"rendered":"<p>Extraits d\u2019\u0153uvres Golem (2017) 45min, Calligraphe, Soprano et \u00e9lectronique, MANCA 2017, MAMAC de Nice 8 d\u00e9c. 2017 Jonas (2015) 45min, Quatuor \u00e0 cordes Cr\u00e9ation en l&rsquo;Auditorium Rainier III, Monaco le 4 f\u00e9v. 2015 Gloire des bienheureux (2011, 2013)) 1h, Orgues, &hellip; <a href=\"https:\/\/www.heidelein.fr\/index.php\/extraits\/\">Continuer la lecture <span class=\"meta-nav\">&rarr;<\/span><\/a><\/p>\n","protected":false},"author":1,"featured_media":0,"parent":0,"menu_order":0,"comment_status":"closed","ping_status":"closed","template":"","meta":{"footnotes":""},"class_list":["post-10","page","type-page","status-publish","hentry"],"_links":{"self":[{"href":"https:\/\/www.heidelein.fr\/index.php\/wp-json\/wp\/v2\/pages\/10","targetHints":{"allow":["GET"]}}],"collection":[{"href":"https:\/\/www.heidelein.fr\/index.php\/wp-json\/wp\/v2\/pages"}],"about":[{"href":"https:\/\/www.heidelein.fr\/index.php\/wp-json\/wp\/v2\/types\/page"}],"author":[{"embeddable":true,"href":"https:\/\/www.heidelein.fr\/index.php\/wp-json\/wp\/v2\/users\/1"}],"replies":[{"embeddable":true,"href":"https:\/\/www.heidelein.fr\/index.php\/wp-json\/wp\/v2\/comments?post=10"}],"version-history":[{"count":6,"href":"https:\/\/www.heidelein.fr\/index.php\/wp-json\/wp\/v2\/pages\/10\/revisions"}],"predecessor-version":[{"id":208,"href":"https:\/\/www.heidelein.fr\/index.php\/wp-json\/wp\/v2\/pages\/10\/revisions\/208"}],"wp:attachment":[{"href":"https:\/\/www.heidelein.fr\/index.php\/wp-json\/wp\/v2\/media?parent=10"}],"curies":[{"name":"wp","href":"https:\/\/api.w.org\/{rel}","templated":true}]}}

<h2>Extraits d’œuvres</h2>
<p><iframe loading="lazy" title="Hédelin" width="584" height="450" scrolling="no" frameborder="no" src="https://w.soundcloud.com/player/?visual=true&#038;url=https%3A%2F%2Fapi.soundcloud.com%2Fusers%2F281952270&#038;show_artwork=true&#038;maxheight=876&#038;maxwidth=584"></iframe></p>
<p><a href="https://youtu.be/lCkWSWFxk7w">Golem (2017)</a> 45min, Calligraphe, Soprano et électronique, MANCA 2017, MAMAC de Nice 8 déc. 2017</p>
<p><a href="https://www.youtube.com/watch?v=jCzazL9-cuI">Jonas (2015)</a> 45min, Quatuor à cordes Création en l&rsquo;Auditorium Rainier III, Monaco le 4 fév. 2015</p>
<p><a href="https://www.youtube.com/watch?v=iDfDs1IPMa0">Gloire des bienheureux (2011, 2013))</a> 1h, Orgues, Chant, Clarinette, création à Nice le 5 nov. 2011</p>
<p><a href="https://www.youtube.com/watch?v=D3h4gb-d6tk">Livre d&rsquo;orgues (2001-2007)</a> 20 min, 6 pièces pour orgues</p>
<p><a href="http://www.heidelein.fr/mp3/Adio%20Kerida.mp3">Cantate Séfarade (2002)</a> 1h, pour mezzo-soprano et quatuor à cordes Création à Nice en 2003</p>
<p><a href="http://www.heidelein.fr/mp3/XXIII%2044-49.mp3">Passion selon Saint Luc (2004)</a> 1h30, pour 4voix, quatuor à codres et clavecin Création en l&rsquo;église Saint-Nicolas à Monaco en 2007</p>
<p><a href="https://www.youtube.com/user/kashibayashi">Plus d&rsquo;extraits</a></p>

<p>Extraits d’œuvres Golem (2017) 45min, Calligraphe, Soprano et électronique, MANCA 2017, MAMAC de Nice 8 déc. 2017 Jonas (2015) 45min, Quatuor à cordes Création en l&rsquo;Auditorium Rainier III, Monaco le 4 fév. 2015 Gloire des bienheureux (2011, 2013)) 1h, Orgues, &hellip; <a href="https://www.heidelein.fr/index.php/extraits/">Continuer la lecture <span class="meta-nav">&rarr;</span></a></p>
